 (-20 - (-3 - -1 - 3))
67
1 - -65 - (-3 - (-26 + 25 - -8))
76
Evaluate 7 + (-61 - (13 - 17 - 19 - -18)).
-49
Calculate (-5 + 6 - (26 + 25 + -56)) + 0 + -16.
-10
Calculate 35 + (11 - 38) + 25 + (3 - 6).
30
What is the value of -21 - ((-14 - -43) + -74 + 119)?
-95
Evaluate 20 + (1 - (6 - -8)) + -9 - 4.
-6
Evaluate -4 + 20 + 3 + -1 + -2.
16
What is the value of 13 + ((-19 - (-3 - 3)) + 46 - 10)?
36
What is -13 + (44 + -28 - 10)?
-7
9 + (275 + -235 - (13 - 1) - 13)
24
Calculate 382 - 280 - (26 - 20).
96
-1 + -1 - (19 - (34 + 37))
50
1 + 6 + -42 - (1 + (-1 + -7 - -16))
-44
(-23 + 14 - -76) + (10 + -22 - -16)
71
What is the value of -2 + -1 - (10 + -24 + -70 + 3)?
78
What is (-59 - (7 - 61)) + (0 - -63)?
58
Calculate -68 - (138 + -177 + -18).
-11
2 - (-9 + ((-1 - 8) + 12 + 0 - 24))
32
-2075 - -2055 - (-33 - 1)
14
What is (-8 - -7) + (54 - 61 - (3 - 2 - 10))?
1
What is 27 + -40 + 13 - 7?
-7
What is the value of 55 + 7 + -5 + (5 + -12 - -22) + -8?
64
What is the value of (-29 - -13) + (3 - 3 - (23 + -6 - 10))?
-23
What is -31 + (0 - 27 - (-1198 - -1145))?
-5
Calculate -10 - (16 + (-100 - -34)).
40
Evaluate -13 - (-52 - (40 + 15)).
94
(-74 + -3 - -94) + -39
-22
What is 7 - (-15 + (-32 - -23 - 14))?
45
0 + 0 + (-1 - 76) - ((-666 - -644) + 28)
-83
Calculate (97 - 93) + (44 - (-6 - (-3 - 4) - 1)).
48
Calculate -16 + (7 + -7 - (-7 - -15 - -1)).
-25
What is the value of (1 + -9 - (41 - 38)) + -242 + 252?
-1
Evaluate (-13 + (78 - 55) - (1 - 92)) + 1.
102
(7 - (-2 + 8)) + (19 - 14)
6
Evaluate -1 - 34 - (67 - (258 + -191)).
-35
17 + -4 + -5 - 17 - (-213 - -276)
-72
Calculate -38 - (43 + -118 - 15).
52
Evaluate -5 + 49 + -6 + -5 + 3 + (13 - 2).
47
Evaluate 7 + (82 - (-26 + 40)) + -25.
50
Calculate 37 - ((67 - 14) + -34 - (1 - (-4 + -1))).
24
-2 + -49 + -86 + 128 + (2 - 1) + -6
-14
Evaluate -130 - (-81 - (42 - 52)).
-59
Calculate -27 - (5 + (-3 - -3) + 3 + 148 + -166).
-17
(11 + -7 + -36 - 9) + -19 + 14 + -5
-51
Evaluate (48 - (21 + 4) - 54 - -27) + (1 - 81).
-84
What is (20 - -3 - -14 - -5) + -1 + 3 + -7?
37
What is (12 - 39) + 9 + (3 - -24) + 46?
55
Evaluate 366 - 322 - (66 + (-13 - -6)).
-15
0 + (2 + -2 - (-3 + -2)) + -39 + 48
14
-2 + 5 + (857 - 971) + (-3 - -3)
-111
Evaluate -38 + 15 + 42 + -23.
-4
Calculate 12 - ((0 - -14 - (-36 - -46)) + (-1 - 5)).
14
What is -30 + -7 + -5 + (27 - 7) + -5?
-27
(61 + -32 - 41 - -14) + 15
17
(53 - (61 - -20)) + -55
-83
Evaluate -12 + (1 - -3 - (28 - (-2 - 12))).
-50
Evaluate -25 + (-3555 + 3570 - (0 + 7 - 1)).
-16
6 + -1 + -1 + 0 + (-125 - (89 + -229))
19
What is the value of 12 - -17 - (360 + -294)?
-37
What is the value of 66 - 5 - (611 + -638)?
88
Evaluate (-66 - (0 - -1)) + -19 + 15 + (19 - 8).
-60
What is 2 - (0 - 43 - (-16 + 12 + -9 + 6))?
38
Evaluate 0 + (1 - -3) + 161 + -224 + -61.
-120
Evaluate 87 + (-26 + 6 - (21 + -6)).
52
What is the value of -24 - (20 + -27 + -24) - -21?
28
What is the value of (-62 + 2 - 17) + (4 + -2 - -4)?
-71
What is (-30 - -2) + 8 + -35?
-55
What is the value of 9 - (-6 - 16) - 8 - -52?
75
Evaluate -4 - -5 - -11 - (-22 - (-70 - -3)).
-33
What is the value of (-15 - 0) + (27 - 21) + 8 - 75?
-76
What is the value of 45 - (-7 - -3 - 0) - (-12 - (12 + -22))?
51
What is the value of (-30 - (49 + -65)) + (105 - -4) + 5?
100
3734 - 3737 - (-19 + 1)
15
Calculate -51 + -79 + 31 + 90.
-9
What is the value of -203 + 219 - (2 + -25)?
39
Evaluate (11 - ((6 - 6) + -3)) + (-19 - 38).
-43
-14 + 1 - -8 - -11
6
Evaluate 16 - ((8 - 1) + (-139 - -140)).
8
Evaluate -12 + 1 - (-8 - (-12 - (-18 + 6))) - -5.
2
What is the value of 36 - (46 + (-33 - -28))?
-5
Calculate 58 + (57 - 37) + -57.
21
Evaluate (5 - (2 + 0)) + 0 + 2 + 21.
26
Evaluate (1 - (-7 + -28)) + 89 + -77.
48
Calculate 5 + (2 - (-17 - -4)) + -43.
-23
(23 - 3 - (267 + -372)) + (-9 - 0)
116
-792 + 804 - (-49 - 6 - -1)
66
Calculate (-4 - -3) + (7 - -4) - (280 + -280).
10
Evaluate (-3 - 78 - (-13 - (10 - 12))) + 15.
-55
Calculate 77 - (-104 + 106 + 11 + 1 + (3 - 7)).
67
What is the value of -11 + 7 + 20 + 0 + (103 - 160)?
-41
What is ((-4 - 27) + 69 - 63) + -110?
-135
Calculate 28 + (75 - 84) + -77.
-58
(0 - -4) + -12 + (-3 - -3 - -93)
85
Calculate 21 + (73 - (37 + -2)) - 29.
30
What is -37 + 19 - -5 - (-9 + -1)?
-3
What is -28 + -1 + -776 + 779 + -52?
-78
Calculate 37 - (-4 + (-5 - -20) + -10) - (-7 + 0).
43
What is the value of (38 - 33) + -3 + -29 + 1 + 14?
-12
(54 - 20) + -60 + 76
50
What is the value of -1784 + 1811 + (25 - -4)?
56
-6 + (10 - 21) + 9 + 7 + 38
37
Evaluate 10 + -44 + 2 + 40 - 55.
-47
What is the value of -18 + 36 - (4 - (0 - (8 + -10)))?
16
What is -7 + (0 - -14 - (-4 + -3 + 10 + 104))?
-100
What is the value of (-7 - -5) + 0 + 0 - (1775 + -1744)?
-33
What is 58 + -39 - (-1 - 9 - -6) - 8?
15
(0 + 0 + 1 - 5) + (27590 - 27613)
-27
Evaluate (-8 - (-1 + 10 - (103 + -78))) + -13.
-5
What is -5 + (28 - 55) - -69?
37
What is the value of (-1 - -28) + -80 + 42 + (-34 - 1)?
-46
Evaluate -43 - (-66 + 138) - -254.
139
What is -73 + 49 - (-43 + 2) - -123?
140
-14 + (-34 - -1 - (-49 + (19 - -20)))
-37
-42 + (-19 - -52) - (-23 + 0)
14
Calculate 1 + (8 - -30) + -9 - 0 - (4 - 14).
40
What is (12 - (-23 + 32)) + (57 - (4 - 9 - -7))?
58
(-7 - (-1 - 13 - (-41 - (-57 - -22)))) + 58
59
Calculate (-36 - -66) + (-11 - 39 - -2).
-18
What is (-100 - 0) + (-24774 - -24917)?
43
What is the value of (-16 + -3 - -3 - (139 + -218)) + (-6 - 1)?
56
Evaluate 9 + (56 + -133 - -51).
-17
Evaluate (-32 - -39) + -89 + -23 + 15.
-90
(36 - -12) + -15 + -23
10
Evaluate (-51 - (-12 - 16)) + -32 - (1 + 9).
-65
Calculate -22 - (-39 - -68 - 11 - -12).
-52
Evaluate -5 + (5 - -98) + 23 + (-18 - 23).
80
What is 14 + -49 + 22 + 40 + 9?
36
Evaluate 1 - (53 - -1) - 9.
-62
Calculate -8 - ((-5 - 10 - 6) + 7).
6
Calculate 11 - (74 + -126) - -74.
137
What is the value of -48 + 25 + (60 - 68)?
-31
What is the value of (-1564 - -1527) + 71 + 0?
34
What is the value of (52 - (1 - 2)) + -468 + 454 + 8?
47
Calculate 1 + 42 + 190 + -287.
-54
(-7 - -13 - -9 - 6) + -5 + 30 + 3
37
What is the value of (-14 - -2) + -1 + (-60 + 54 - (-1 + 1))?
-19
What is (21 + -27 + (14 - 4) + 5 - -37) + 11?
57
What is the value of -59 + (157 - (131 - 12))?
-21
What is the value of (-6 - (3 + 1 + -1)) + -4 + 56?
43
Calculate -2 - (-12 + (13 - (-13 - -23))) - 37.
-30
Evaluate (-2 + 1 - (-5 + (-2 - -4))) + (298 - 280).
20
What is -3 - ((-7 - -33) + -57 + 47)?
-19
What is the value of -145 + 181 - (73 - 10)?
-27
((-30 - -16) + 15 - 9) + (-1 - -21)
12
What is the value of -112 - -126 - (1 - -56 - (-87 - -80))?
-50
Calculate -48 - (0 + -50 - -56).
-54
Calculate 50 + (-46 + 34 - -16).
54
Calculate 74 + (-58 - -38) - (2 + 11 + -2).
43
What is 10 + -12 + 41 - 30?
9
Calculate 5 + 0 + -9 + (7 - (8 - 27)).
22
Evaluate (-25 - (11 + -33)) + (4 - (31 + -2)).
-28
(108 - 25) + (-86 - -65)
62
What is the value of 88 - 76 - 20 - (4 - -1)?
-13
What is the value of -22 - (61 - (15 + -10 + 31 + -16))?
-63
-40 + (-223 - -190 - (2 - 16))
-59
What is the value of 16 - (-23 - -7) - 98 - (2 - (15 - 1))?
-54
-190 - -88 - -121 - (-5 - (-2 - 0))
22
Calculate (3 + 38 - 7) + -2 + (-6 - -9) - -10.
45
What is the value of 27 + 2 - (87 + -160 - -96)?
6
Evaluate 10 - (1 - -29 - (-6 + (14 - 7) - -1)).
-18
Calculate (365 - (262 - -111)) + (-2 - (-2 + (-1 - 15))).
8
-63 - (-42 + 13) - -79
45
What is the value of 6 - (-2 - -2) - (-82 + 161 - 70)?
-3
What is -87 + 64 - -97 - 123?
-49
Evaluate (36 - 76) + 127 + -146.
-59
What is 7 + 14 + -46 + 9 - 12?
-28
What is (-1 - (-25 + -24) - 3) + -2?
43
-47 + 0 + (0 - -169) + -149
-27
What is the value of (-20 + -3 - -79) + -15?
41
Calculate -21 - (-23 + 24) - (-153 + 3).
128
What is -2 + 9 + 2 - (-1925 - -1905)?
29
Evaluate 0 - -28 - ((-43 - -43) + 9).
19
What is (20 - (47 - 43)) + 24 + -26?
14
Calculate -7 + -8 + 104 + (-20 - (-7 + 1)).
75
-492 + 485 + (-27 - -11)
-23
What is the value of 14 + (-4 - -3) + (-26 - 37 - -19)?
-31
Evaluate (-36 - (16 + -114)) + (-2 - 10 - 4).
46
Calculate 2 + (-10 - 0) - (229 + -214 + (2 - 5)).
-20
Calculate -1 + (-21 - 1) + -6 - (-21 + 23 + -7).
-24
What is -37 + 7 + 52 + -23?
-1
Evaluate 6 + 4 - 4 - (-26 - (60 - 134)).
-42
Evaluate 2 + -32 - (12 + (-22 - (-37 + 21))).
-36
Evaluate (-14 - (16 + -19) - (0 + 1 + -7)) + -7.
-12
What is -3 + -36 - (2 + 0) - ((56 - -63) + -105)?
-55